3*c + 366 = 0. Let d = c + 13. What is the tens digit of d?
7
Suppose 5*f = 2*a - 1063, -3*a = -2*a + 2*f - 545. What is the units digit of a?
9
Suppose -27*w + 23*w + 6976 = 0. What is the thousands digit of w?
1
Let u = 9 - 6. Suppose u*l = -0*l + 147. What is the units digit of l?
9
Let b(y) = 4*y**3 + 16*y**2 + 8*y - 48. What is the tens digit of b(8)?
8
Let a be (-1)/((-4)/(-48)*-3). What is the units digit of 5 + (-4 + a)/(-1)?
5
Suppose 0 = -12*b + 11*b + 12. What is the tens digit of (-2)/(-3) - (-148)/b?
1
Let y(d) be the first derivative of -d**2 - 5. Suppose -1 = 2*g + 1. What is the units digit of y(g)?
2
Let r = 3109 - 2198. What is the units digit of r?
1
Suppose 3*u = 6 + 42. Let g = 37 - u. What is the tens digit of (5 + -3)/(2/g)?
2
Let i(u) = -2*u - 22. Let a be i(-12). Suppose 0 = -3*t - 2*d + 6*d - 136, -3*d = -a*t - 90. Let k = t + 108. What is the tens digit of k?
6
Suppose -93*r - 5367 = -95*r - 3*a, -a - 10713 = -4*r. What is the hundreds digit of r?
6
Suppose 28 = d + 3*d. Suppose 4*m = -2*u + 7*u - 128, -m - d = 5*u. Let a = 30 + m. What is the units digit of a?
3
Suppose -4*a - 55 = 105. Let v be ((-9)/6)/(15/a). Suppose 0 = 4*k - 2*l - 96, -k + v*l - 3 = -13. What is the tens digit of k?
2
Suppose -2*t = 3*s - 124, -2*s - 2*t + 75 = -9. Suppose -s = x + 50. What is the units digit of (24/(-10))/(12/x)?
8
Let k(b) = -b**3 - 5*b**2 + 3*b - 3. Let t be k(-6). Let f(s) = t*s**2 - 2 + 1 - 14*s**2 + s. What is the units digit of f(-5)?
9
Let m be (100/15)/((-4)/(-18)). Let y = m + -47. Let t = y + 24. What is the units digit of t?
7
Suppose -33 = -5*d + 7. Let b(t) = -10*t - t**2 + 5*t**2 - 3 - 2*t**2. What is the units digit of b(d)?
5
Let f be 6/2 + (-29)/1. Let c(u) = -8*u - 33. What is the units digit of c(f)?
5
Let j be (-1 - -1) + -4 + 4. Suppose 6*s - 3*s + 9 = j. Let c = -1 - s. What is the units digit of c?
2
Let k(l) = 1098*l**3 - 3*l**2 + 4*l - 1. What is the thousands digit of k(1)?
1
Suppose 7*x - 15 = 4*x. Suppose -x*a + 80 = 5*z, -2*a - 13 = -3*z + 50. Let s = z - 16. What is the units digit of s?
3
Let j(m) be the second derivative of -m**4/12 + m**3 + m**2 - m. Let f be ((-16)/6)/(-1*10/15). What is the tens digit of j(f)?
1
Let y = 18 - 14. Suppose -3*c - 4*h = -93, -5*h + 0*h = y*c - 124. What is the units digit of c?
1
Let v(h) = 4*h**2 + 4*h - 2. Let k be v(-2). Let m(p) = p**3 - 7*p**2 + 16*p - 9. What is the tens digit of m(k)?
5
Let c(u) be the third derivative of -u**6/60 + 3*u**5/5 + 5*u**4/12 + 3*u**3/2 + 42*u**2. What is the hundreds digit of c(18)?
1
Suppose -7 = -2*r + 113. Let v = -185 - -219. Let i = r - v. What is the units digit of i?
6
Let t be 1 - 4/(12/33). What is the tens digit of (3*t/24)/(2/(-56))?
3
Suppose 8*b - 5*b + 6 = 0. What is the units digit of b - (-3 - 4)*10?
8
Suppose -n = 0, -7*y = -6*y - n - 663. What is the units digit of y?
3
Suppose 0 = 5*b - 3*v + 511, -2*v + 74 = 4*b + 496. Let r = b + 183. What is the units digit of r?
9
Let z be (-588)/(-27) + 10/45. Suppose z + 48 = -2*t. Let k = 3 - t. What is the units digit of k?
8
Suppose 7*o + 96 = o. Let v be (6/4)/(o/(-32)). What is the tens digit of (13 - (3 - v))*3?
3
Suppose 7*u = 1666 + 497. What is the tens digit of u?
0
Suppose 2*z + 126 - 400 = 0. Let x = 836 - 631. Let f = x - z. What is the tens digit of f?
6
Suppose 4*c + 3 = 19. Suppose c*k = 290 - 86. What is the units digit of k?
1
Let n(r) = r**2 + r - 9. Let z be n(-7). What is the units digit of 6/z - (-194)/22?
9
Suppose -2*t = -4, 5*t + 4067 = 3*n - 1827. What is the thousands digit of n?
1
Suppose -3*t - 10 = -4*t. Suppose t = 2*j + 36. Let s(w) = -3*w - 15. What is the units digit of s(j)?
4
Let c = -22 - -24. What is the tens digit of (c - 5)/((-12)/604)?
5
Let y(q) = -q**3 + 18*q**2 + 25*q - 15. What is the tens digit of y(19)?
9
Let q(s) = 4*s**2 - 11*s + 54. What is the hundreds digit of q(-11)?
6
Let r(p) = p**2 - 14*p + 29. Let w be r(11). Suppose v = -3*v + 20. What is the tens digit of w/v*(-180)/8?
1
Let f(n) = n**2 - 4*n - 7. Let p be f(4). What is the tens digit of (-522)/(-2) - ((12 - 6) + p)?
6
Suppose 10*h + 391 = 6301. What is the units digit of h?
1
Let n(h) = -h**2 + 7*h + 12. Let m be (-18)/(-9) + (1 - 1). Suppose m*t - 11 = 3. What is the units digit of n(t)?
2
Suppose -6*y + 3*y + 15 = 0. Suppose -y*m = -0*b + b + 55, 2*m + 15 = b. Let i = m - -27. What is the tens digit of i?
1
Let u(f) = 15*f**3 - 4*f**2 + 4*f + 6. What is the units digit of u(3)?
7
Suppose -y = 4*n - 73 - 21, 3*y - 256 = n. Let v = 186 - y. What is the tens digit of v?
0
Let t(v) = 9*v + 7. Let z(g) = -8*g - 7. Let r(n) = -3*t(n) - 2*z(n). Let j be r(-3). Suppose 4*o - j = 3*o. What is the tens digit of o?
2
Let k = -485 - -1412. What is the units digit of k?
7
Let i be ((-52)/20 - -3)/((-1)/905). Let v = -231 - i. What is the units digit of v?
1
Let j(g) = -g**2 + 4*g + 1. Let t be j(2). Let l(h) = -8*h - 5. Let a be l(t). What is the units digit of (2/3)/((-6)/a)?
5
Let a = -85 + 168. Let b = a - 24. What is the units digit of b?
9
What is the units digit of 26/(-8 - (-17)/2)?
2
What is the units digit of 42/(-7) + 0 - 610/(-5)?
6
Let x = -2254 - -4099. What is the tens digit of x?
4
Let f(r) = -r**3 - 6*r**2 - 8*r - 1. Suppose 5*t - 11 - 16 = -2*x, -4*x = 3*t - 5. Let j be ((-1)/(-2))/(t/(-84)). What is the units digit of f(j)?
7
Suppose 0 = 2*i - 0*u + 5*u - 22, -5*i + 5*u = -20. Let n be (-8)/3*(-9)/i. Suppose -5*m - n*z + 165 = 0, -4*m + 3*z + 101 = -0*m. What is the units digit of m?
9
Let r(v) = v**3 - 3*v**2 - 5*v + 6. Let i be r(4). Let n(g) = 9*g + g**3 + 2 - 6 + 12*g**i + 5 + g. What is the units digit of n(-11)?
2
Let o be (-6 - -219)/3*(1 - -1). Suppose 2*x = i - o, -2*i - i = x - 454. What is the tens digit of i?
5
Let h be 6 + -3 + 3*3. What is the units digit of (11 - h)/(1/(-1))?
1
Let n(y) = y - 8. Let c be n(13). Suppose 3*z - 4*d = 2, c*z + 3*d + 5 = 18. Suppose 0 = z*w - 3*w + 22. What is the tens digit of w?
2
Let b(c) be the second derivative of c**4/12 + c**3 + 5*c**2/2 + 4*c. Let t be b(-4). What is the units digit of 13 - (3 + t + -2)?
5
Let c(x) = 3*x - 16. Let n be c(7). What is the units digit of (39/6)/(n/130)?
9
Suppose 2*s + 2*s - 24 = 0. What is the tens digit of (-202)/(-8) + s/8?
2
Let m = 1114 - -58. What is the tens digit of m?
7
Suppose 0 = 3*t - 2*y - 13, y - 6*y = -t + 13. Suppose 2 = -2*j + 3*s, -t*j + 4*s - 10 = 3*s. Let v = j - -8. What is the units digit of v?
4
Let v = -2051 - -5762. What is the units digit of v?
1
Let m = 74 + -70. Suppose m*s = -3*c + 318, -294 = -3*c + 5*s - s. What is the hundreds digit of c?
1
Let q be (3 - 1) + (-780)/12. Let h be ((-18)/q)/(1/14). Suppose 3*y = 2*t - 17, 5*y = -h*t - 34 + 123. What is the tens digit of t?
1
Let l = -74 - -76. Suppose l*m + 3*v = 115, 0 = -5*m + 3*v + 174 + 82. What is the units digit of m?
3
Let j(t) = -145*t**2 + 2*t + 1. Let q be j(-2). Let v = 891 + q. Suppose -5*u + 4*p = 7*p - 377, 0 = 4*u - 4*p - v. What is the tens digit of u?
7
Suppose 2*u = t - 3*u + 16, t - 2 = -u. Let i be (-5 + 2)/(t/(-6)). What is the units digit of (-1135)/(-30) - 3/i?
8
Let y = -901 - -1699. Suppose -3*q + 10*q - y = 0. What is the tens digit of q?
1
Let g(t) = t**2 - 5*t + 3. Let l be g(6). Let q be (2/(-8))/(l/(-108)). Suppose 2*w - 5*p = 26, 3*p = q*w - 5*w - 6. What is the units digit of w?
3
Let z(i) = 4*i - 15. Let q(p) = 5*p - 16. Let l(m) = 2*q(m) - 3*z(m). Let x be l(4). Suppose x*j - 211 = -6. What is the units digit of j?
1
Suppose -2*q + 1 + 1 = 0. Let l be q/(-1 - (-161)/162). What is the tens digit of l/(-7) - 2/14?
2
Let q = -1603 + 4382. What is the tens digit of q?
7
What is the units digit of (2248/6)/(260/390)?
2
Suppose -3*w = 11*w + 504. Let h = 8 - w. What is the units digit of h?
4
What is the tens digit of (6/4)/(21/34566)?
6
Let b(n) = -n**3 - 11*n**2 - 23*n - 12. Suppose z = -9 - 0. What is the tens digit of b(z)?
3
Let g = 35 + -74. What is the units digit of 16*g*(-2)/24?
2
Let z(p) = -71*p - 672. What is the units digit of z(-18)?
6
Let m(z) = 4*z**3 + 5*z**2 + 18*z - 17. What is the thousands digit of m(6)?
1
Let j(h) = -h**3 + 61*h**2 + 90*h + 212. What is the hundreds digit of j(61)?
7
Suppose -5*t - 9 + 24 = 0. Let v be ((-12)/(-15))/(2/20)